rivative of t(q). Give w(-1).
-5
Let q = 0 + -5. Let j = 1 - q. Let d(f) = j + 0 - 2*f - 5. What is d(-1)?
3
Let f(c) = c - 1. Let q(w) = -3*w**2 + 4. Let p be q(2). Determine f(p).
-9
Let d(t) = -t + 3*t - t - 12. Suppose 0 = 77*s - 75*s. What is d(s)?
-12
Let z = 17 - 15. Let f(m) = -5*m + 7. Determine f(z).
-3
Let q(g) = -4*g**2 + g. Suppose 0 = 2*y + 5*a, 2*a = -3*y + 3 + 8. Let j be y/(25/(-10)) + 3. Determine q(j).
-3
Let c = -1377 + 1380. Let z(s) = 4*s**2 - 3*s - 1. Calculate z(c).
26
Let s(k) be the first derivative of k**3/3 + k**2/2 + 4*k - 1. Suppose r = 5*r + 5*x + 107, 0 = 2*r + 3*x + 51. Let p = -37 - r. Calculate s(p).
16
Let c(l) be the third derivative of -l**4/12 + l**3 + 30*l**2. Suppose 1 = -3*m + 5*v - 7, -4*m + 3*v - 7 = 0. Let j = 6 + m. Determine c(j).
-4
Suppose 56 = 23*p + 10. Let l(a) be the first derivative of 8 + 3*a**p + a + 1/4*a**4 - 2*a**3. Calculate l(5).
6
Let o = 2 + -4. Let k(c) be the first derivative of c + c**2 + 11 + 1/3*c**3 + 1/4*c**4. Calculate k(o).
-7
Let o be ((-10)/6)/((-1)/3). Let y be o - (0 - (-2 - 1)). Suppose -15 = -5*q, -y*s = -0*s - 2*q + 18. Let r(t) = -t**3 - 7*t**2 - 9*t - 6. Determine r(s).
12
Let w be 8/(-6) - 60/(-45). Let d be 18*(-1 - 3/(-2)). Let u(j) = 10*j - 6 + w*j - d*j - j**2 - 2*j. What is u(0)?
-6
Let t = 52 + -50. Suppose 2*b + 24 = -4*f, -4*f + t*b = 10 + 6. Let u(l) = l - 4. Let n(y) = -2*y + 7. Let z(s) = -6*n(s) - 11*u(s). Determine z(f).
-3
Let r(d) = d - 3. Suppose 8*p - 4*p - 12 = 0. Let m(f) = 2. Let s(w) = p*m(w) + 2*r(w). Suppose 2*q = -8, -4*b - q - 3*q = 0. Give s(b).
8
Let o(j) = -4*j - 1. Let g be o(-1). Let d(n) be the second derivative of 0 - 5/12*n**4 - 37*n + 2*n**2 + 1/20*n**5 + 1/6*n**3. What is d(g)?
-11
Let b(s) = 4*s + 36*s**2 - 72*s**2 + 43*s**2 + s**3 - 5. Let x be 6/((-6)/(-3) - 3). Give b(x).
7
Suppose -9*v - 15 = -12*v. Suppose 4*t = -4*d, 2*t = -v*d + 5 - 2. Let o(x) = 2*x**3 + x**2 - x**3 - 8*x**3. Determine o(d).
-6
Let h(w) = -w. Let q(o) = -3*o + 7. Let i(x) = 2*h(x) - q(x). Let t(m) = -m + 1. Let s be t(-5). Give i(s).
-1
Suppose l - 7*n = -5*n - 1, -3*n = -l - 2. Let h(j) = 21*j**3 - 1. Determine h(l).
20
Suppose -4*d + 2*l + l - 22 = 0, -4*d - 10 = 3*l. Let q(r) be the second derivative of -2*r - 1/20*r**5 - 1/4*r**4 - r**2 + 1/3*r**3 + 0. Calculate q(d).
6
Let j(x) = -x**2 + x + 1. Let m be (15/(-9)*-3)/((-3)/(-3)). Determine j(m).
-19
Let g(p) = -p + 1. Let t(y) = 1. Let u(c) = -g(c) + 2*t(c). What is u(1)?
2
Let w(s) = s + 2. Suppose 3 + 53 = 2*p. Suppose p = 3*m + f, 5*m - f = -3*f + 45. Suppose -m = 6*q + 19. Determine w(q).
-3
Let g(p) = 6. Suppose 5*z = 10*z + 25. Let t(k) = k + 13. Let n(u) = 2*u. Let h be n(1). Let w(j) = h*t(j) + z*g(j). Give w(-3).
-10
Let x = -635 - -638. Let q(n) = -n**2 + 3*n + 4. Give q(x).
4
Let y(o) = 22*o**2 - 42*o**2 - 2*o**3 + 7*o + 3*o**3 + 20*o**2 - 1 + 12*o**2. What is y(-11)?
43
Let l(s) be the second derivative of s**3/6 - 4*s**2 + 3*s. Let q = 23 + -21. Suppose -q*u = u - 18. Calculate l(u).
-2
Let y(a) = a**3 + 9*a**2 + 11*a - 8. Let b be (-28)/(-7)*28/(-16). Give y(b).
13
Let b(o) = -o**2 + 18*o - 86. Let w be b(7). Let x(n) = n**3 + 8*n**2 - 10*n - 3. Determine x(w).
6
Let u(h) = h**2 - 3*h - 2. Let r(a) = -a**3 + 5*a**2 - 4*a + 2. Let l be r(4). Let p(m) = -6 - 2 + 2*m**2 + 8*m - l + 4. Let s be p(-5). Calculate u(s).
2
Let h(u) = u + 5. Let r(w) = w**3 + 8*w**2 + 8*w + 8. Let y(z) = z**3 + 10*z**2 - 9*z + 15. Let i be y(-11). Let t be r(i). Let o be -1*t/2*0. Give h(o).
5
Suppose 4*l - 3*l = 3. Let o be -1 + 3 + l/(-3). Let t(w) = -2*w + 1. Let y(p) = 11*p**2 - 3*p + 1. Let z(j) = 2*t(j) - y(j). What is z(o)?
-11
Let o(x) = -3*x**2 + 2. Let s be o(0). Let k(y) = -4 - 5 + 3 + 3 + y**s. What is k(-5)?
22
Let m(s) = -5*s - 2. Let n(h) = 5*h + 3. Let x(u) = -4*m(u) - 3*n(u). Let l be ((-2)/(-4))/(2/(-4)). Give x(l).
-6
Let b(s) = -s**3 - 4*s**2 + 5*s - 1. Suppose 0 = -7*w - 0 - 28. What is b(w)?
-21
Let k(l) be the second derivative of 2*l**3/3 + l**2 + 8*l + 3. Determine k(2).
10
Let m(p) = -4*p + 61. Let c(n) = -20*n**2 + 342*n - 19. Let b be c(17). What is m(b)?
1
Let l(x) = 4*x**2 + 22*x + 3 + 3 - 19*x. Let i(a) = -5*a**2 - 3*a - 7. Let q(h) = -5*i(h) - 6*l(h). Give q(4).
3
Let v(p) = p**3 + 4*p**2 - p. Let k(q) = 2*q**3 + 5*q**2 + 4*q. Let u be k(-2). What is v(u)?
4
Let g(v) = -26*v - 53. Let d(k) = 22*k + 51. Let r(b) = -5*d(b) - 4*g(b). Determine r(-6).
-7
Let w(d) = 2*d - 19*d**2 - 4 + d + 18*d**2 - 12*d. Give w(-6).
14
Let d(m) = m**3 - 5*m**2 - 8*m + 9. Suppose -5*c - c + 24 = 0. Suppose 20 = -u + c*b, u - 2*b + 10 = -0*b. Let t = 6 - u. Give d(t).
-3
Let g(h) = -6*h + 3. Suppose 3*s - 3*t = -5*t + 14, 0 = 2*s - 4*t + 12. Determine g(s).
-9
Let y(i) = i**2 + 8*i - 8. Let v be y(-9). Let z be 2*-1*(-2 + v). Let u(r) = -7*r - z + r**2 - r - 3 + 4*r. Determine u(4).
-5
Let h be 3 + -3 + 17 + 3. Suppose -n + 3*z + h = 0, -4*n + 2*z = -11 - 19. Suppose n*a = 30 - 5. Let i(m) = m**2 - 4*m - 4. Calculate i(a).
1
Let y(p) be the third derivative of 1/24*p**4 + 1/60*p**6 - 34*p**2 - 1/6*p**3 + 0*p + 0 + 1/60*p**5. Determine y(-2).
-15
Let s = 999 - 1008. Let q(p) = p**2 + 7*p - 1. Determine q(s).
17
Suppose -5*q - 36 = 34. Let n be (-4)/q + 35/49. Let t(c) = 9*c - 1. What is t(n)?
8
Let q(c) = -2*c + 1. Let p(k) = 9*k - 7. Let b(v) = -p(v) - 5*q(v). Determine b(-4).
-2
Suppose 7*c + 2*d = 3*c - 30, 2*c + 2*d + 20 = 0. Let v(q) = -4*q - 4. Give v(c).
16
Let q(s) = 6*s + 0*s**2 + 12 + s**2 - 16. Calculate q(-6).
-4
Let o(b) = 0 + b + b**3 - 22*b**2 - 2 + 0*b**3 + 28*b**2. What is o(-6)?
-8
Suppose 19 = 2*k + d, -2*d - 8 = -2*k + 20. Let y = 16 - k. Let s(o) = -2*o + 6. What is s(y)?
-4
Let o be (36/15)/((-2)/10). Let c = o + 20. Suppose -c*b - 20 = -3*b. Let m(l) = -l**2 - 3*l + 5. Determine m(b).
1
Let w(d) = d**3 - 7*d**2 - 10*d + 12. Let y = -8 - -16. Let j be w(y). Let q be j/5*(7 + -2). Let f(b) = -b**3 - 3*b**2 + 7*b + 6. Give f(q).
-6
Let h(l) be the third derivative of 1/60*l**5 - 5/2*l**3 + 13*l**2 + 0*l + 0*l**4 + 0 - 1/120*l**6. Determine h(0).
-15
Let q(r) = 29*r + 13. Let k(o) = 15*o + 8. Let x(l) = 5*k(l) - 3*q(l). What is x(1)?
-11
Let o(s) = -3*s**2 + 55*s - 22. Let g(i) = -i**2 + 15*i - 6. Let r(j) = 22*g(j) - 6*o(j). Give r(-1).
-4
Let f(w) = -8*w - 4. Let x(u) = u**3 - 8*u**2 + 18*u - 20. Let b be x(5). Determine f(b).
36
Let a(b) = b**2 + b + 1. Suppose 5*w = -20, -5*w - 15 = -2*d + 23. Let z be (3 - 0)*6/d. Suppose 3*g = z + 4. What is a(g)?
7
Suppose 3*j = 4*j + 8. Let b(t) = -t**2 - 10*t - 10. Let q be b(j). Let z(x) = -1 + 6*x**2 - q*x**2 - 3*x**2. Give z(1).
-4
Let s be 1*5 + -2 + -1. Suppose -f = -3*z - s, -f - f + 9 = -z. Let j(d) = d + 1. What is j(z)?
2
Let g = -1615 + 1603. Let b(p) = p**2 + 4*p - 87. What is b(g)?
9
Let l(a) = a**3 + a**2 + 2*a + 10. Let v be l(0). Let n(z) = -8*z + 8*z**2 + v*z - 2 - z**3 - 5. What is n(8)?
9
Suppose 145 = -5*d + 60. Let l = d + 19. Suppose u - h = 0, -3*u + 24 = l*h + h. Let x(w) = -w**3 + 5*w**2 - 6*w. Determine x(u).
-8
Let w(v) = 5*v**2 - 10*v. Let k(l) = 6*l**2 - 11*l - 1. Let q = -1 - 3. Let r(u) = u**2 + 6*u + 10. Let x be r(-5). Let b(g) = q*k(g) + x*w(g). Give b(6).
4
Let s(v) = v**3 + 7*v**2 + 2*v + 8. Let u be ((-7)/2)/((-5 + 2)/(-6)). What is s(u)?
-6
Let j(t) be the second derivative of 0 + 1/3*t**3 + 0*t**2 + 4*t. What is j(1)?
2
Let v = 1 + -1. Suppose -5*s + z + 14 = 0, 4*s + 5 = -4*z + 21. Let x(w) = w**3 - 2*w - w**2 + 3*w - s + 0 + 0. Determine x(v).
-3
Let s(b) = 3*b**2 + 16*b - 11. Let r(f) = -f. Let h(d) = -3*r(d) - s(d). Let v(n) = n**2 + 6*n - 5. Let g(u) = 3*h(u) + 7*v(u). Let l = -1 - -3. Determine g(l).
-4
Let g(q) = -3 + 3 + 4*q - 3 - 2*q - 8. What is g(13)?
15
Let v(m) = -12 + 4*m**2 + m + 11 - 131*m**3 + 133*m**3. Let j(q) = q**3 + q**2 - q + 1. Let a(c) = -j(c) + v(c). Calculate a(-3).
-8
Let b(a) = -a**3 - 6*a**2 - a - 5. Suppose 11*p = 6*p - 140. Let n = p + 46. Suppose -7*h = -4*h + n. Calculate b(h).
1
Let n(i) be the first derivative of i**2/2 - 26*i - 337. Calculate n(0).
-26
Let u(l) = 61 - 31 - 32 + 3*l. What is u(-2)?
-8
Let s(w) be the first derivative of -2*w**2 + 5*w - 55. Let z be -14*((-76)/(-28) + -3) + 0. Determine s(z).
-11
Suppose 0 = -2*p + 9 - 1. Suppose 4*f = -a - 3 - 0, p